{"id":581,"date":"2019-08-16T16:49:46","date_gmt":"2019-08-16T14:49:46","guid":{"rendered":"http:\/\/cvjm-meiderich.de\/?page_id=581"},"modified":"2019-08-16T16:49:46","modified_gmt":"2019-08-16T14:49:46","slug":"bau-und-bibelcamp-2015","status":"publish","type":"page","link":"https:\/\/cvjm-meiderich.de\/index.php\/verein\/projekte\/bau-und-bibelcamps\/bau-und-bibelcamp-2015\/","title":{"rendered":"Bau- und Bibelcamp 2015"},"content":{"rendered":"\n<p style=\"text-align:center\"><strong>\u201eAlles bleibt. Anders\u201c<\/strong><\/p>\n\n\n\n<p>Unter diesem Motto fand in diesem Jahr das Bau- und\nBibelcamp (BBC) in Michelstadt statt. Das \u201eAnders\u201c bezog sich darauf, dass (zum\nersten Mal f\u00fcr die BBC\u2019ler) parallel noch eine weitere Freizeit im Camp stattfand,\nn\u00e4mlich das \u201eEurop\u00e4ische Baumhaus-Leiter-Camp\u201c.<\/p>\n\n\n\n<p>Dort trafen sich etwa 40 Mitarbeiter aus diversen\neurop\u00e4ischen CVJMs, um bei einem schweizerischen CVJM-Team zu lernen, wie man\nBaumh\u00e4user baut. Die Leitung jener Freizeit hatte der WB-Sekret\u00e4r G\u00fcnter\nL\u00fccking mit Tabea K\u00f6bel (CVJM Gesamtverband).<\/p>\n\n\n\n<p>Das Andere f\u00fcr die BBC\u2019ler war, dass manche Programmpunkte\nin ungewohnt gro\u00dfer Gemeinschaft (insgesamt 80 Leute) und in Deutsch\/Englisch\nstattfanden. Wir haben uns aber gut arrangiert und in manchen Dingen auch\nvoneinander profitiert. Der internationale Abend mit gemeinsamen Spielen und\nder Vorstellung der diversen CVJM ist mir da besonders gut in Erinnerung\ngeblieben.<\/p>\n\n\n\n<p>Die BBC-Bibelarbeiten und teilweise gemeinsamen Andachten\nhandelten dieses Jahr von \u201eLebenswerten\u201c wie Wertsch\u00e4tzung, Nachhaltigkeit,\nGlaubw\u00fcrdigkeit, Solidarit\u00e4t usw.<br>\nF\u00fcr das BBC brachten Markus Rapsch und Reiner Lux diese Werte gut mit Bibel und\nLebensalltag in Verbindung.<\/p>\n\n\n\n<p>Etwas anders war auch die Zusammensetzung der Teilnehmer des\nBBC in diesem Jahr. Bei etlichen Stamm-Teilnehmern (Mitte\/Ende 20) findet zurzeit\nein beruflicher und famili\u00e4rer Umbruch statt, so dass sie (vorerst?) nicht mehr\ndabei sein werden. Dennoch waren wir ein Team von 20 jungen Leuten und 10\n\u00e4lteren Mitarbeitern, die noch von zwei jungen Familien unterst\u00fctzt wurden. Die\nsind so begeistert vom Camp, dass sie mit ihren kleinen Kindern dabei waren und\ngut mitgeholfen haben. Die noch recht kleinen Kinder waren kein Hindernis f\u00fcr\ndie Arbeiten und die Gemeinschaft, sondern eine willkommene Bereicherung.\nDieses Experiment, den Kreis der m\u00f6glichen BBC-Teilnehmer zu erweitern, sehe\nich als gelungen an. Denn die Suche nach BBC-Teilnehmern wird in Zukunft ein\nwichtiger Punkt sein, damit die notwendigen Arbeiten geschafft werden k\u00f6nnen.<\/p>\n\n\n\n<p>Dieses Jahr standen auf der Erledigungsliste:<br>\na) Renovierung\/Erneuerung der Spielger\u00e4te (soweit H\u00f6lzer durchgefault waren)<br>\nb) Beseitigung der Sitzreihen der Arena (alte, inzwischen verfaulte\nBahnschwellen)<br>\nc) Erweiterung der Terrasse vor der Bundeshalle<br>\nd) Abschluss der Innensanierung von H\u00fctte 109 (Schreiner- und Elektroarbeiten)<br>\ne) zahllose Kleinreparaturen im gesamten Camp<br>\nf) Reinigungs- und Gr\u00fcnschnittarbeiten<br>\ng) Bau von neuen B\u00e4nken f\u00fcr die Feuerstellen (jedes Jahr immer ein paar Neue)<br>\nh) g\u00e4rtnerische Arbeiten rund ums Lagerkreuz<br>\n<br>\n<\/p>\n\n\n\n<p>Aber die Liste von Reiner Lux, was in Zukunft noch so alles\ngemacht werden muss und kann, ist noch lang. So k\u00f6nnen die Freunde von\nMichelstadt und die BBC\u2019ler auch in den n\u00e4chsten Jahren noch viel in\nMichelstadt machen.<\/p>\n\n\n\n<p>Dieses Jahr feiert das Camp im Oktober mit einem\nFestwochenende seinen 60. Geburtstag. Viele flei\u00dfige H\u00e4nde haben in den Jahren\nf\u00fcr den Aufbau, den Erhalt und den Erfolg dieses Camps gesorgt. Viele\nJugendliche, Kinder und Erwachsene haben dort auf verschiedensten Freizeiten\nund Veranstaltungen von Gott geh\u00f6rt, ihn n\u00e4her kennengelernt, ihren Glauben\nvertiefen k\u00f6nnen.<\/p>\n\n\n\n<p>W\u00e4hrend des BBC tauchte ein \u00e4lterer Herr auf, der \u2013 wie sich\nim Gespr\u00e4ch herausstellte \u2013 aus dem Duisburger Westen kam. Er war in den ersten\nJahren des Camps mehrmals als Teilnehmer da gewesen und sich nun im Rahmen\neines Urlaubs auf die Suche nach diesem Camp gemacht. Er war sehr freudig\n\u00fcberrascht, als er von der Entwicklung des Camps h\u00f6rte und den jetzigen Zustand\nsah. Auch das Engagement der vielen Leute f\u00fcr diese Camp erfreute ihn. Ein\nBeispiel f\u00fcr sicherlich ganz viele, bei denen das Camp einen lebenslang\nbleibenden Eindruck hinterlassen hat.<\/p>\n\n\n\n<p>Bis nach Michelstadt sind es \u2013 von Duisburg aus gesehen \u2013\nrund 3,5 Std. Fahrt, die sich aber lohnen. So sind neben meinem Sohn Markus und\nmir (im BBC) auch einige Laarer (Motorradfahrerfreizeit) immer wieder in\nMichelstadt. Es k\u00f6nnten aber gerne mehr sein, ich gebe da die Hoffnung nicht\nauf.<\/p>\n\n\n\n<p>Im Oktober bin ich zum 60. noch mal dort und der BBC-Termin\nf\u00fcr n\u00e4chstes Jahr (16.-23.7.2016) ist auch schon notiert. <\/p>\n\n\n\n<p>Helfer sind willkommen, aber auch Spenden f\u00fcr das\nBaumaterial, welches wir z. B. im BBC verarbeiten, sind gerne gesehen.<\/p>\n\n\n\n<p>Autor: Georg Hucks<\/p>\n","protected":false},"excerpt":{"rendered":"<p>\u201eAlles bleibt. Anders\u201c Unter diesem Motto fand in diesem Jahr das Bau- und Bibelcamp (BBC) in Michelstadt statt. Das \u201eAnders\u201c bezog sich darauf, dass (zum ersten Mal f\u00fcr die BBC\u2019ler) parallel noch eine weitere Freizeit im Camp stattfand, n\u00e4mlich das \u201eEurop\u00e4ische Baumhaus-Leiter-Camp\u201c. Dort trafen sich etwa 40 Mitarbeiter aus diversen europ\u00e4ischen CVJMs, um bei einem [&hellip;]<\/p>\n","protected":false},"author":3,"featured_media":0,"parent":559,"menu_order":6,"comment_status":"closed","ping_status":"closed","template":"","meta":{"footnotes":""},"class_list":["post-581","page","type-page","status-publish","hentry"],"_links":{"self":[{"href":"https:\/\/cvjm-meiderich.de\/index.php\/wp-json\/wp\/v2\/pages\/581","targetHints":{"allow":["GET"]}}],"collection":[{"href":"https:\/\/cvjm-meiderich.de\/index.php\/wp-json\/wp\/v2\/pages"}],"about":[{"href":"https:\/\/cvjm-meiderich.de\/index.php\/wp-json\/wp\/v2\/types\/page"}],"author":[{"embeddable":true,"href":"https:\/\/cvjm-meiderich.de\/index.php\/wp-json\/wp\/v2\/users\/3"}],"replies":[{"embeddable":true,"href":"https:\/\/cvjm-meiderich.de\/index.php\/wp-json\/wp\/v2\/comments?post=581"}],"version-history":[{"count":0,"href":"https:\/\/cvjm-meiderich.de\/index.php\/wp-json\/wp\/v2\/pages\/581\/revisions"}],"up":[{"embeddable":true,"href":"https:\/\/cvjm-meiderich.de\/index.php\/wp-json\/wp\/v2\/pages\/559"}],"wp:attachment":[{"href":"https:\/\/cvjm-meiderich.de\/index.php\/wp-json\/wp\/v2\/media?parent=581"}],"curies":[{"name":"wp","href":"https:\/\/api.w.org\/{rel}","templated":true}]}}