{"id":567,"date":"2019-08-16T16:26:06","date_gmt":"2019-08-16T14:26:06","guid":{"rendered":"http:\/\/cvjm-meiderich.de\/?page_id=567"},"modified":"2019-08-16T16:26:06","modified_gmt":"2019-08-16T14:26:06","slug":"bau-und-bibelcamp-2018","status":"publish","type":"page","link":"https:\/\/cvjm-meiderich.de\/index.php\/verein\/projekte\/bau-und-bibelcamps\/bau-und-bibelcamp-2018\/","title":{"rendered":"Bau- und Bibelcamp 2014"},"content":{"rendered":"\n<p><strong>10 Jahre Bau- und\nBibelcamp Michelstadt \u2013 <br>\nwie es dazu kam und warum es eine Erfolgsgeschichte ist<\/strong><\/p>\n\n\n\n<p>Unz\u00e4hlige junge und nicht mehr ganz so junge Menschen haben\ndas CVJM Camp in Michelstadt erlebt: sei es als Teilnehmer, sei es als\nMitarbeiter, vielleicht sogar als beides. \u00dcberwiegend sch\u00f6ne Erinnerungen und\nviele Erlebnisse d\u00fcrften dann beim Lesen \u201eMichelstadt\u201c wach geworden sein.<\/p>\n\n\n\n<p>Auch im Laarer Vereinsanzeiger war Michelstadt schon mehrmals\nvertreten \u2013 meistens ging es \u00fcber die Motorradfreizeit. Sind Nachrichten \u00fcber\nMichelstadt dann \u00fcberhaupt noch lesenswert? Ich hoffe, am Ende des Artikels\nsagen Sie: JA!!!<\/p>\n\n\n\n<p>Das Bau- und Bibelcamp (kurz: BBC) ist nicht der neue Name\ndes Camps, sondern eine der vielen, verschiedenen Arbeitsformen im CVJM-Camp\nMichelstadt. Um das BBC n\u00e4her erkl\u00e4ren zu k\u00f6nnen, muss ich etwas weiter\nausholen.<\/p>\n\n\n\n<p>1955 gab es \u2013 als Bundeszeltlager \u2013 das 1. Camp in\nMichelstadt. Viele Jahre bestimmten die Zelte das Bild des Gel\u00e4ndes, das in\neinem Talende oberhalb von Michelstadt liegt. <br>\n1976 fanden sich die Freunde von Michelstadt erstmalig zusammen, um das Camp\nwetterunabh\u00e4ngiger zu gestalten. Im Laufe der Jahre wurde viel Zeit, Kraft und\nGeld in die Infrastruktur (Holzh\u00fctten, Toiletten, Spiel- und Sportger\u00e4te, Wege\nu. v. m.) investiert.<\/p>\n\n\n\n<p>Anfang dieses Jahrtausends sah es aber so aus, als wenn die\nZeit f\u00fcr Michelstadt abgelaufen w\u00e4re. Doch viele CVJMerInnen glaubten weiterhin\nan die \u201eIdee Michelstadt\u201c. Es wurde in die H\u00e4nde gespuckt, viel Gehirnschmalz\nbewegt, unz\u00e4hlige Gespr\u00e4che gef\u00fchrt und \u2013 nicht zu vergessen \u2013 viel gebetet.<\/p>\n\n\n\n<p>Es hat sich gelohnt. Das Camp ist moderner und vielf\u00e4ltiger\ngeworden, ohne seinen Charme und seine pers\u00f6nliche Note zu verlieren. Die neuen\nKonzepte greifen und das Camp ist gut belegt, die Sommercamps immer restlos\nausgebucht.<\/p>\n\n\n\n<p>Die Freunde von Michelstadt, zu denen auch der ehemalige\nDuisburger Kreisvorsitzende und Meidericher Dietz Gartmann geh\u00f6rte, haben\njahrzehntelang viel geschafft (Campk\u00fcchenteams, Instandhaltung,\nModernisierung), aber auch hier ist eine deutliche \u00dcberalterung zu verzeichnen.\nDoch zum Gl\u00fcck finden sich auch J\u00fcngere, die inzwischen mit ins Boot gestiegen\nsind. Einer ist der Laarer Hans-Werner Neumann \u2013 das finde ich super!<br>\nLeider sind es noch zu wenige.<\/p>\n\n\n\n<p>Und jetzt kommen wir zum Bau- und Bibelcamp:<\/p>\n\n\n\n<p>2005 luden die CVJM-Westbund-Sekret\u00e4re Reiner Lux und Markus\nRapsch zum ersten Mal zum BBC ein. Die einfache, aber geniale Idee: junge Leute\nbauen im Camp, erleben dabei eine tolle Gemeinschaft, h\u00f6ren Gottes Wort. <br>\nNach Anreise am Samstagnachmittag und Kennenlernen am Abend steht der Sonntag\nfast ganz unter dem Motto \u201eDer Sonntag ist heilig\u201c. So wurden in den 10 Jahren\nWanderungen zu einer ehemaligen Kapelle gemacht oder eine \u201ej\u00fcdische\u201c\nStadtf\u00fchrung in Michelstadt oder ein Gel\u00e4ndespiel mit \u201ebiblischen\u201c Stationen\noder oder oder \u2026<br>\nAm Abend werden die Baustellen von den jeweiligen Teamleitern vorgestellt und\ndie jungen Erwachsenen suchen sich ihr Team aus. Erstaunenswert: es hat immer\ngeklappt, alle Teams waren ausreichend besetzt und keiner war unzufrieden.<\/p>\n\n\n\n<p>Auch den Rest der Freizeit gibt es einen klaren, auf Gott\nausgerichteten Tagesablauf:<br>\n8 Uhr Morgenandacht in der Praystation (fr\u00fcher: Jesush\u00fctte), danach Fr\u00fchst\u00fcck; <br>\n9.30 Uhr Beginn auf den Baustellen, die sich die jungen Erwachsenen am Anfang\nder Freizeit ausgesucht haben);<br>\n12 Uhr: kurzes Mittagsgebet am Camp-Kreuz, danach wieder Baustellen<br>\n13.30 Uhr: Mittagessen<br>\n14.30 Uhr: Baustellen (eigentlich bis 17 Uhr, oft freiwillig bis 18 Uhr)<br>\n18 Uhr: Bibelarbeit in verschiedensten Formen<br>\n19 Uhr: Abendessen<br>\ndanach: freie Zeit f\u00fcr Spiel, Sport, Spass, Gespr\u00e4che und vieles mehr<\/p>\n\n\n\n<p>Freitagmittag sollen alle Baustellen beendet und alles\naufger\u00e4umt sein. Am Abend ziehen alle in einer Art Gottesdienst von Baustelle\nzu Baustelle, um Gott und den \u201eBauarbeitern\u201c zu danken, bis der Abschluss mit\nAbendmahl am Kreuz stattfindet. Umrahmt wird der \u201eBaustellengottesdienst\u201c von\neinem sehr leckeren und vielf\u00e4ltigen Abendbuffet des K\u00fcchenteams.<\/p>\n\n\n\n<p>Die Teamleiter sind erfahrene Mitarbeiter, die oft auch\ngewisse handwerkliche F\u00e4higkeiten mitbringen. Es ist ihnen jedes Jahr eine\nFreude, motivierte und wissbegierige Helfer in ihren Teams zu haben, die zum\neinen interessante Handwerkssachen lernen, zum anderen aber auch manchmal bis\nzum Umfallen arbeiten \u2013 und dennoch immer genug Kraft f\u00fcr ein L\u00e4cheln \u00fcbrig haben.<\/p>\n\n\n\n<p>Etliche junge Erwachsene und Teamleiter waren inzwischen\nschon mehr als f\u00fcnf Mal da. Nathanael hat es mal ganz treffend so formuliert: <strong>\u201eEin Jahr ohne Michelstadt geht gar nicht\u201c<\/strong>.<\/p>\n\n\n\n<p>Einige der jungen Erwachsenen sind inzwischen auch\nMitarbeiter bei den darauffolgenden Teencamps und sorgen dort \u2013 ganz nebenbei \u2013\nf\u00fcr einen viel sorgf\u00e4ltigeren Umgang mit allen Sachen im Camp. Sie sind es auch\noft, die im Folgejahr von den vielen Jugendlichen berichten, die \u201edurch\u2019s Kreuz\ngegangen sind\u201c; ein symbolischer Akt, seinen Glauben an Gott zu bekennen bzw.\nzu zeigen, \u201eich habe zum Glauben an Gott gefunden\u201c.<br>\nMit Blick auf das Foto wird der Spruch vielleicht noch deutlicher, da auch im\nBBC immer wieder daf\u00fcr gearbeitet wurde, diese f\u00fcr die Jugendlichen sehr\nwichtige Aktion richtig erlebbar zu machen.<\/p>\n\n\n\n<p>Michelstadt ist also immer noch ein wichtiger Ort im CVJM\nund f\u00fcr Gottes Handeln an uns Menschen.<\/p>\n\n\n\n<p>&#8212;&#8212;&#8212;&#8212;&#8212;&#8212;&#8212;&#8212;&#8212;&#8212;&#8212;&#8212;&#8212;&#8212;&#8212;&#8212;&#8212;&#8212;&#8212;&#8212;&#8212;&#8212;&#8212;&#8212;&#8212;&#8212;&#8212;&#8212;&#8212;&#8212;&#8212;&#8212;&#8212;&#8212;&#8212;&#8212;&#8212;<\/p>\n\n\n\n<p>Zwischendurch ein kleiner Werbeblock:<\/p>\n\n\n\n<p>Es gibt mehrere M\u00f6glichkeiten f\u00fcr Euch, das Camp und Gottes\nArbeit dort zu f\u00f6rdern:<\/p>\n\n\n\n<ol class=\"wp-block-list\"><li>Habt Ihr im Fr\u00fchjahr oder Herbst eine Woche Zeit? Die Freunde von Michelstadt freuen sich \u00fcber jede helfende Hand. Gemeinschaft, gutes Essen und viel frische Luft gibt\u2019s gratis dazu.<br> <br> <\/li><li>Seid Ihr handwerklich begabt, arbeitet gerne mit jungen Erwachsenen und habt im Sommer eine Woche Zeit? Dann ist das Bau- und Bibelcamp genau das Richtige.<br> <br> <\/li><li>K\u00f6nnt Ihr gut und auch in gr\u00f6\u00dferen Mengen kochen? Die Camps ben\u00f6tigen K\u00fcchenteams \u2013 ein wichtiger Faktor f\u00fcr gelungene Freizeiten, wie Euch allen bekannt sein d\u00fcrfte. Eine Sommerwoche dort bereichert Euch ungemein.<br> <br> <\/li><li>Habt Ihr gutes Werkzeug \u00fcbrig und\/oder k\u00f6nnt Ihr Baumaterialspenden vermitteln? F\u00fcr die Arbeitseins\u00e4tze in Michelstadt wird so manches ben\u00f6tigt.<br> <br> <\/li><li>Steht eine besondere Feier (runder Geburtstag, Jubil\u00e4um, Silberhochzeit) an und eigentlich braucht Ihr keine Geschenke? Dann sammelt doch f\u00fcr die Arbeit in Michelstadt, denn dort wird immer auch Geld ben\u00f6tigt, selbst wenn es umsichtig eingesetzt wird. Der Westbund gibt gerne Hilfestellung, wie man bereits bei der Einladung auf die \u201eSpende statt Geschenke\u201c hinweisen kann.<\/li><\/ol>\n\n\n\n<p>Habt Ihr (mindestens) eine M\u00f6glichkeit f\u00fcr Euch entdeckt?<\/p>\n\n\n\n<p>Dann meldet Euch bei Georg Hucks unter cvjm-meiderich(at)t-online.de; dort gibt es auch weitere Infos und Antworten auf eventuelle Fragen.<\/p>\n\n\n\n<p>&#8212;&#8212;&#8212;&#8212;&#8212;&#8212;&#8212;&#8212;&#8212;&#8212;&#8212;&#8212;&#8212;&#8212;&#8212;&#8212;&#8212;&#8212;&#8212;&#8212;&#8212;&#8212;&#8212;&#8212;&#8212;&#8212;&#8212;&#8212;&#8212;&#8212;&#8212;&#8212;&#8212;&#8212;&#8212;&#8212;&#8212;<\/p>\n\n\n\n<p>Ein pers\u00f6nlicher R\u00fcckblick:<\/p>\n\n\n\n<p>Ich bin in 2014 zum 26. Mal auf einer Freizeit in\nMichelstadt gewesen (leider nie als Teilnehmer, sondern immer nur als\nMitarbeiter), darunter zum 8. Mal beim BBC. Michelstadt ist f\u00fcr mich eine\nzweite Heimat, wo ich k\u00f6rperlich, geistig und vor allem geistlich auftanken\nkann wie sonst nirgendwo. Viele Male hat mich meine Familie dorthin begleitet. <\/p>\n\n\n\n<p>&nbsp;&nbsp;&nbsp;&nbsp;&nbsp;&nbsp;&nbsp;&nbsp;&nbsp;&nbsp;&nbsp;&nbsp;&nbsp;&nbsp;&nbsp;&nbsp;&nbsp;&nbsp;&nbsp;&nbsp;&nbsp;&nbsp;&nbsp;&nbsp;&nbsp;&nbsp;&nbsp;&nbsp;&nbsp;&nbsp;&nbsp;&nbsp;&nbsp;&nbsp;&nbsp;&nbsp;&nbsp;&nbsp;&nbsp;&nbsp;&nbsp;&nbsp;&nbsp;&nbsp;&nbsp;&nbsp;&nbsp;&nbsp;&nbsp;&nbsp;&nbsp;&nbsp;&nbsp;&nbsp;&nbsp;&nbsp;&nbsp;&nbsp;&nbsp;&nbsp;&nbsp;&nbsp;&nbsp;&nbsp;&nbsp;&nbsp;&nbsp;&nbsp;&nbsp;&nbsp;&nbsp;&nbsp;&nbsp;&nbsp;&nbsp;&nbsp;&nbsp;&nbsp;&nbsp;&nbsp;&nbsp;&nbsp;&nbsp;&nbsp;&nbsp;&nbsp;&nbsp;&nbsp;&nbsp;&nbsp;&nbsp;&nbsp;&nbsp;&nbsp;&nbsp;&nbsp;&nbsp;&nbsp;&nbsp;&nbsp;&nbsp;&nbsp;&nbsp;&nbsp;&nbsp;&nbsp;&nbsp;&nbsp;&nbsp;&nbsp;&nbsp;&nbsp;&nbsp;&nbsp;&nbsp;&nbsp;&nbsp;&nbsp;&nbsp;&nbsp;&nbsp;&nbsp;&nbsp;&nbsp;&nbsp;&nbsp;&nbsp;&nbsp;&nbsp; Autor: Georg Hucks<\/p>\n","protected":false},"excerpt":{"rendered":"<p>10 Jahre Bau- und Bibelcamp Michelstadt \u2013 wie es dazu kam und warum es eine Erfolgsgeschichte ist Unz\u00e4hlige junge und nicht mehr ganz so junge Menschen haben das CVJM Camp in Michelstadt erlebt: sei es als Teilnehmer, sei es als Mitarbeiter, vielleicht sogar als beides. \u00dcberwiegend sch\u00f6ne Erinnerungen und viele Erlebnisse d\u00fcrften dann beim Lesen [&hellip;]<\/p>\n","protected":false},"author":3,"featured_media":0,"parent":559,"menu_order":7,"comment_status":"closed","ping_status":"closed","template":"","meta":{"footnotes":""},"class_list":["post-567","page","type-page","status-publish","hentry"],"_links":{"self":[{"href":"https:\/\/cvjm-meiderich.de\/index.php\/wp-json\/wp\/v2\/pages\/567","targetHints":{"allow":["GET"]}}],"collection":[{"href":"https:\/\/cvjm-meiderich.de\/index.php\/wp-json\/wp\/v2\/pages"}],"about":[{"href":"https:\/\/cvjm-meiderich.de\/index.php\/wp-json\/wp\/v2\/types\/page"}],"author":[{"embeddable":true,"href":"https:\/\/cvjm-meiderich.de\/index.php\/wp-json\/wp\/v2\/users\/3"}],"replies":[{"embeddable":true,"href":"https:\/\/cvjm-meiderich.de\/index.php\/wp-json\/wp\/v2\/comments?post=567"}],"version-history":[{"count":0,"href":"https:\/\/cvjm-meiderich.de\/index.php\/wp-json\/wp\/v2\/pages\/567\/revisions"}],"up":[{"embeddable":true,"href":"https:\/\/cvjm-meiderich.de\/index.php\/wp-json\/wp\/v2\/pages\/559"}],"wp:attachment":[{"href":"https:\/\/cvjm-meiderich.de\/index.php\/wp-json\/wp\/v2\/media?parent=567"}],"curies":[{"name":"wp","href":"https:\/\/api.w.org\/{rel}","templated":true}]}}