{"id":530,"date":"2019-08-04T13:37:00","date_gmt":"2019-08-04T11:37:00","guid":{"rendered":"http:\/\/cvjm-meiderich.de\/?page_id=530"},"modified":"2024-09-22T09:02:20","modified_gmt":"2024-09-22T07:02:20","slug":"gaestebuch","status":"publish","type":"page","link":"https:\/\/cvjm-meiderich.de\/index.php\/ferienfreizeit\/gaestebuch\/","title":{"rendered":"G\u00e4stebuch"},"content":{"rendered":"\n<p>Wie hat Euch die Freizeit gefallen? Lasst es uns gerne wissen und berichtet von Euren Eindr\u00fccken.<\/p>\n\n\n\n<p>Hinweise: <\/p>\n\n\n\n<ul class=\"wp-block-list\">\n<li>Aus Spamschutzgr\u00fcnden werden alle Kommentare vor der Ver\u00f6ffentlichung durch einen Administrator \u00fcberpr\u00fcft. Dies kann etwas dauern, da ehrenamtlich.<\/li>\n\n\n\n<li> Der gew\u00e4hlte Nickname wird \u00f6ffentlich angezeigt. <\/li>\n\n\n\n<li>Die E-Mail Adresse ist nur f\u00fcr Administratoren sichtbar und wird lediglich f\u00fcr R\u00fcckfragen verwendet. (In Zukunft werden auch die Information zum Freischaltungsstatus dar\u00fcber versendet)<\/li>\n<\/ul>\n","protected":false},"excerpt":{"rendered":"<p>Wie hat Euch die Freizeit gefallen? Lasst es uns gerne wissen und berichtet von Euren Eindr\u00fccken. Hinweise:<\/p>\n","protected":false},"author":3,"featured_media":0,"parent":37,"menu_order":2,"comment_status":"closed","ping_status":"closed","template":"","meta":{"footnotes":""},"class_list":["post-530","page","type-page","status-publish","hentry"],"_links":{"self":[{"href":"https:\/\/cvjm-meiderich.de\/index.php\/wp-json\/wp\/v2\/pages\/530","targetHints":{"allow":["GET"]}}],"collection":[{"href":"https:\/\/cvjm-meiderich.de\/index.php\/wp-json\/wp\/v2\/pages"}],"about":[{"href":"https:\/\/cvjm-meiderich.de\/index.php\/wp-json\/wp\/v2\/types\/page"}],"author":[{"embeddable":true,"href":"https:\/\/cvjm-meiderich.de\/index.php\/wp-json\/wp\/v2\/users\/3"}],"replies":[{"embeddable":true,"href":"https:\/\/cvjm-meiderich.de\/index.php\/wp-json\/wp\/v2\/comments?post=530"}],"version-history":[{"count":2,"href":"https:\/\/cvjm-meiderich.de\/index.php\/wp-json\/wp\/v2\/pages\/530\/revisions"}],"predecessor-version":[{"id":921,"href":"https:\/\/cvjm-meiderich.de\/index.php\/wp-json\/wp\/v2\/pages\/530\/revisions\/921"}],"up":[{"embeddable":true,"href":"https:\/\/cvjm-meiderich.de\/index.php\/wp-json\/wp\/v2\/pages\/37"}],"wp:attachment":[{"href":"https:\/\/cvjm-meiderich.de\/index.php\/wp-json\/wp\/v2\/media?parent=530"}],"curies":[{"name":"wp","href":"https:\/\/api.w.org\/{rel}","templated":true}]}}

Gästebuch

<p>Wie hat Euch die Freizeit gefallen? Lasst es uns gerne wissen und berichtet von Euren Eindrücken.</p>



<p>Hinweise: </p>



<ul class="wp-block-list">
<li>Aus Spamschutzgründen werden alle Kommentare vor der Veröffentlichung durch einen Administrator überprüft. Dies kann etwas dauern, da ehrenamtlich.</li>



<li> Der gewählte Nickname wird öffentlich angezeigt. </li>



<li>Die E-Mail Adresse ist nur für Administratoren sichtbar und wird lediglich für Rückfragen verwendet. (In Zukunft werden auch die Information zum Freischaltungsstatus darüber versendet)</li>
</ul>

<p>Wie hat Euch die Freizeit gefallen? Lasst es uns gerne wissen und berichtet von Euren Eindrücken. Hinweise:</p>
