{"id":151,"date":"2019-07-18T16:26:42","date_gmt":"2019-07-18T14:26:42","guid":{"rendered":"http:\/\/cvjm-meiderich.de\/?page_id=151"},"modified":"2023-08-22T19:16:42","modified_gmt":"2023-08-22T17:16:42","slug":"2020-geyer","status":"publish","type":"page","link":"https:\/\/cvjm-meiderich.de\/index.php\/ferienfreizeit\/2020-geyer\/","title":{"rendered":"2020 und 2021 &#8211; Geyer und Niedersonthofen"},"content":{"rendered":"\n<p>Theoretisch w\u00e4re eine Freizeit m\u00f6glich gewesen, doch die Umsetzung der zahlreichen Corona-Vorgaben h\u00e4tte uns Ehrenamtler vor eine nicht zu bew\u00e4ltigende Aufgabe gestellt. Die bew\u00e4hrte Qualit\u00e4t einer CVJM-Freizeit h\u00e4tten wir dennoch nicht bieten k\u00f6nnen.<\/p>\n\n\n\n<p>Deshalb fielen beide Freizeiten leider aus.<\/p>\n","protected":false},"excerpt":{"rendered":"<p>Theoretisch w\u00e4re eine Freizeit m\u00f6glich gewesen, doch die Umsetzung der zahlreichen Corona-Vorgaben h\u00e4tte uns Ehrenamtler vor eine nicht zu bew\u00e4ltigende Aufgabe gestellt. Die bew\u00e4hrte Qualit\u00e4t einer CVJM-Freizeit h\u00e4tten wir dennoch nicht bieten k\u00f6nnen. Deshalb fielen beide Freizeiten leider aus.<\/p>\n","protected":false},"author":1,"featured_media":0,"parent":37,"menu_order":11,"comment_status":"closed","ping_status":"closed","template":"","meta":{"footnotes":""},"class_list":["post-151","page","type-page","status-publish","hentry"],"_links":{"self":[{"href":"https:\/\/cvjm-meiderich.de\/index.php\/wp-json\/wp\/v2\/pages\/151","targetHints":{"allow":["GET"]}}],"collection":[{"href":"https:\/\/cvjm-meiderich.de\/index.php\/wp-json\/wp\/v2\/pages"}],"about":[{"href":"https:\/\/cvjm-meiderich.de\/index.php\/wp-json\/wp\/v2\/types\/page"}],"author":[{"embeddable":true,"href":"https:\/\/cvjm-meiderich.de\/index.php\/wp-json\/wp\/v2\/users\/1"}],"replies":[{"embeddable":true,"href":"https:\/\/cvjm-meiderich.de\/index.php\/wp-json\/wp\/v2\/comments?post=151"}],"version-history":[{"count":2,"href":"https:\/\/cvjm-meiderich.de\/index.php\/wp-json\/wp\/v2\/pages\/151\/revisions"}],"predecessor-version":[{"id":748,"href":"https:\/\/cvjm-meiderich.de\/index.php\/wp-json\/wp\/v2\/pages\/151\/revisions\/748"}],"up":[{"embeddable":true,"href":"https:\/\/cvjm-meiderich.de\/index.php\/wp-json\/wp\/v2\/pages\/37"}],"wp:attachment":[{"href":"https:\/\/cvjm-meiderich.de\/index.php\/wp-json\/wp\/v2\/media?parent=151"}],"curies":[{"name":"wp","href":"https:\/\/api.w.org\/{rel}","templated":true}]}}